{"id":714,"date":"2020-06-19T15:24:39","date_gmt":"2020-06-19T18:24:39","guid":{"rendered":"http:\/\/www.mprinformatica.com.br\/blog\/?page_id=714"},"modified":"2024-05-14T18:54:19","modified_gmt":"2024-05-14T21:54:19","slug":"curso-de-excel-online-aulas-particulares","status":"publish","type":"page","link":"https:\/\/www.mprinformatica.com.br\/blog\/curso-de-excel-online-aulas-particulares\/","title":{"rendered":"Curso de Excel do B\u00e1sico ao Avan\u00e7ado (Aulas Individuais online)"},"content":{"rendered":"<h3>Aprenda Excel de forma completa e aplique seus conhecimentos nas empresas que precisam de um profissional como voc\u00ea<\/h3>\n<p><a href=\"https:\/\/web.whatsapp.com\/send?phone=5511975648538&amp;text=Ol\u00e1,%20gostaria%20de%20agendar%20uma%20aula%20experimental%20gratuita%20de%20Excel\" target=\"_blank\" rel=\"noopener\"><img decoding=\"async\" loading=\"lazy\" class=\"size-full wp-image-685 aligncenter\" src=\"https:\/\/www.mprinformatica.com.br\/blog\/wp-content\/uploads\/2020\/06\/bt_agendar_aula.png\" alt=\"bot\u00e3o agendar aula experimental gratuita\" width=\"346\" height=\"76\" srcset=\"https:\/\/www.mprinformatica.com.br\/blog\/wp-content\/uploads\/2020\/06\/bt_agendar_aula.png 346w, https:\/\/www.mprinformatica.com.br\/blog\/wp-content\/uploads\/2020\/06\/bt_agendar_aula-300x66.png 300w\" sizes=\"(max-width: 346px) 100vw, 346px\" \/><\/a><\/p>\n<p>Sabemos que com os desafios do mercado cada vez mais presentes, imagine voc\u00ea capacitado para <strong>concorrer a uma vaga e garantir o seu emprego<\/strong>.<\/p>\n<p>Voc\u00ea vai dominar a <strong>cria\u00e7\u00e3o de planilhas, relat\u00f3rios, an\u00e1lises e a organiza\u00e7\u00e3o de dados<\/strong>. Do b\u00e1sico ao avan\u00e7ado, automatize seu trabalho, otimize sua performance e torne suas entregas mais din\u00e2micas e inteligentes com o Microsoft Excel<\/p>\n<figure><img decoding=\"async\" loading=\"lazy\" src=\"https:\/\/www.mprinformatica.com.br\/blog\/wp-content\/uploads\/2020\/06\/Avalia\u00e7\u00e3o-Face.jpg\" sizes=\"(max-width: 555px) 100vw, 555px\" srcset=\"https:\/\/www.mprinformatica.com.br\/blog\/wp-content\/uploads\/2020\/06\/Avalia\u00e7\u00e3o-Face.jpg 555w, https:\/\/www.mprinformatica.com.br\/blog\/wp-content\/uploads\/2020\/06\/Avalia\u00e7\u00e3o-Face-300x97.jpg 300w\" alt=\"\" width=\"555\" height=\"180\" \/>\n<figcaption><\/figcaption>\n<\/figure>\n<figure><img decoding=\"async\" loading=\"lazy\" src=\"https:\/\/www.mprinformatica.com.br\/blog\/wp-content\/uploads\/2020\/06\/Avalia\u00e7\u00e3o-Google.jpg\" sizes=\"(max-width: 660px) 100vw, 660px\" srcset=\"https:\/\/www.mprinformatica.com.br\/blog\/wp-content\/uploads\/2020\/06\/Avalia\u00e7\u00e3o-Google.jpg 662w, https:\/\/www.mprinformatica.com.br\/blog\/wp-content\/uploads\/2020\/06\/Avalia\u00e7\u00e3o-Google-300x63.jpg 300w\" alt=\"Avalia\u00e7\u00e3o Google\" width=\"660\" height=\"138\" \/>\n<p>\u00a0<\/p>\n<p><span style=\"font-size: revert;\">Venha fazer parte dos milhares de alunos capacitados pelos nossos professores onde atrav\u00e9s do nosso conte\u00b4\u00b4udo, conseguimos focar nos seus objetivos de aprendizado, respeitando o seu ritmo com uma experi\u00eancia de aprendizado personalizado!<\/span><\/p>\n<p><a href=\"https:\/\/web.whatsapp.com\/send?phone=5511975648538&amp;text=Ol\u00e1,%20gostaria%20de%20agendar%20uma%20aula%20experimental%20gratuita%20de%20Excel\" target=\"_blank\" rel=\"noopener\"><img decoding=\"async\" loading=\"lazy\" class=\"size-full wp-image-685 aligncenter\" src=\"https:\/\/www.mprinformatica.com.br\/blog\/wp-content\/uploads\/2020\/06\/bt_agendar_aula.png\" alt=\"bot\u00e3o agendar aula experimental gratuita\" width=\"346\" height=\"76\" srcset=\"https:\/\/www.mprinformatica.com.br\/blog\/wp-content\/uploads\/2020\/06\/bt_agendar_aula.png 346w, https:\/\/www.mprinformatica.com.br\/blog\/wp-content\/uploads\/2020\/06\/bt_agendar_aula-300x66.png 300w\" sizes=\"(max-width: 346px) 100vw, 346px\" \/><\/a><\/p>\n<\/figure>\n<p>Isso porque nossa experi\u00eancia de ensino obtida atendendo diversos profissionais dos setores financeiro, p\u00fablico, educacional, da sa\u00fade, marketing, comercial, engenharia entre outros, podemos afirmar que pequenas, m\u00e9dias ou grandes empresas precisam de profissionais capacitados que saibam trabalhar com Excel.<\/p>\n<h2>Somos a empresa de treinamentos com a Melhor Avalia\u00e7\u00e3o no Google e no Facebook<\/h2>\n<p>Sabendo dessa necessidade, \u00e9 importante se qualificar atrav\u00e9s de empresas que possam garantir\u00a0o melhor aprendizado poss\u00edvel. A MPR Inform\u00e1tica \u00e9 uma empresa com nota m\u00e1xima nas avalia\u00e7\u00f5es dos nossos clientes, pelo Google e Facebook, a maior nota entre\u00a0as empresas do setor. Al\u00e9m disso \u00e9 uma das poucas empresas que nunca teve uma reclama\u00e7\u00e3o no site ReclameAqui.<\/p>\n<figure><a href=\"https:\/\/www.facebook.com\/mprinformatica\/reviews\" target=\"_blank\" rel=\"noopener\"><img decoding=\"async\" loading=\"lazy\" src=\"https:\/\/www.mprinformatica.com.br\/blog\/wp-content\/uploads\/2020\/06\/Nota-Facebook-1.jpg\" alt=\"Nota Facebook\" width=\"273\" height=\"144\" \/><\/a>\n<p>\u00a0<\/p>\n<figcaption><\/figcaption>\n<\/figure>\n<figure><a href=\"https:\/\/www.google.com\/search?q=mpr+informatica&amp;sca_esv=dc1b946dcae22bbc&amp;sxsrf=ADLYWIJdfEei6FH81Fu0btkgmh4WTDhz9w%3A1715280949319&amp;source=hp&amp;ei=NRw9ZoGxEcu35OUPw8O96Ak&amp;iflsig=AL9hbdgAAAAAZj0qRXcXw9A0OyfDC6qzhmV6f8AVK-qR&amp;udm=&amp;ved=0ahUKEwjBn7C9n4GGAxXLG7kGHcNhD50Q4dUDCBU&amp;uact=5&amp;oq=mpr+informatica&amp;gs_lp=Egdnd3Mtd2l6Ig9tcHIgaW5mb3JtYXRpY2EyChAjGIAEGCcYigUyBhAAGBYYHjIGEAAYFhgeMgYQABgWGB4yCBAAGIAEGKIEMggQABiABBiiBEjLJVAAWKsjcAR4AJABAJgBygGgAbATqgEGMC4xOC4xuAEDyAEA-AEBmAIXoAL3E8ICBBAjGCfCAgsQABiABBixAxiDAcICDhAuGIAEGMcBGI4FGK8BwgINEAAYgAQYsQMYQxiKBcICChAAGIAEGEMYigXCAhAQABiABBixAxhDGIMBGIoFwgIMEAAYgAQYQxiKBRgKwgIWEC4YgAQYsQMYQxiDARjHARiKBRivAcICCxAuGIAEGMcBGK8BwgIFEAAYgATCAgcQABiABBgKwgIQEC4YgAQYxwEYChiOBRivAcICCBAAGBYYHhgPwgIHEAAYgAQYDcICBhAAGA0YHsICBRAhGKABwgIFECEYnwWYAwCSBwY0LjE4LjGgB82OAQ&amp;sclient=gws-wiz#lrd=0x94ce59b5fc378a93:0x81b723b66df31ffa,1,,,,\" target=\"_blank\" rel=\"noopener\"><img decoding=\"async\" loading=\"lazy\" src=\"https:\/\/www.mprinformatica.com.br\/blog\/wp-content\/uploads\/2020\/06\/Nota-Google-1.jpg\" sizes=\"(max-width: 315px) 100vw, 315px\" srcset=\"https:\/\/www.mprinformatica.com.br\/blog\/wp-content\/uploads\/2020\/06\/Nota-Google-1.jpg 315w, https:\/\/www.mprinformatica.com.br\/blog\/wp-content\/uploads\/2020\/06\/Nota-Google-1-300x115.jpg 300w\" alt=\"Nota Google\" width=\"315\" height=\"121\" \/><\/a><\/figure>\n<p>\u00a0<\/p>\n<p style=\"text-align: center;\"><a href=\"https:\/\/web.whatsapp.com\/send?phone=5511975648538&amp;text=Ol\u00e1,%20gostaria%20de%20agendar%20uma%20aula%20experimental%20gratuita%20de%20Excel\" target=\"_blank\" rel=\"noopener\"><img decoding=\"async\" loading=\"lazy\" class=\"size-full wp-image-685 aligncenter\" src=\"https:\/\/www.mprinformatica.com.br\/blog\/wp-content\/uploads\/2020\/06\/bt_agendar_aula.png\" alt=\"bot\u00e3o agendar aula experimental gratuita\" width=\"346\" height=\"76\" srcset=\"https:\/\/www.mprinformatica.com.br\/blog\/wp-content\/uploads\/2020\/06\/bt_agendar_aula.png 346w, https:\/\/www.mprinformatica.com.br\/blog\/wp-content\/uploads\/2020\/06\/bt_agendar_aula-300x66.png 300w\" sizes=\"(max-width: 346px) 100vw, 346px\" \/><\/a><\/p>\n<h2>Como a MPR pode ajudar voc\u00ea?<\/h2>\n<p>A MPR teve origem em 1991 com profissionais vindos da USP e do IPT (Instituto de Pesquisas Tecnol\u00f3gicas), desde o in\u00edcio participou de diversos trabalhos na \u00e1rea educacional tanto no setor p\u00fablico como no privado.<\/p>\n<p>Com o nosso m\u00e9todo de ensino com atendimento personalizado, a aten\u00e7\u00e3o do professor fica 100% direcionada para voc\u00ea. Mesmo para os que tem ressalvas em fazer um curso no formato on-line, acabam gostando depois de experimentar nosso m\u00e9todo de ensino, que preserva a qualidade diferenciada do m\u00e9todo presencial que marcou toda a hist\u00f3ria da MPR Inform\u00e1tica.<\/p>\n<h2>Ent\u00e3o, o estudo fica entre voc\u00ea e o instrutor, tudo on-line!<\/h2>\n<p>Matriculando-se com a gente, voc\u00ea ter\u00e1 acesso a arquivos criados especialmente para cada t\u00f3pico das aulas e uma apostila digital com todo o conte\u00fado mesclado entre explica\u00e7\u00e3o e imagens demonstrativas.<\/p>\n<p>E ent\u00e3o? Se interessou, mas ainda est\u00e1 em d\u00favida? Agende uma aula teste gratuita para conhecer nosso m\u00e9todo na pr\u00e1tica e para verificarmos qual a sua necessidade.<\/p>\n<h3>Aproveite esta chance! Envie uma mensagem agora, agende uma aula experimental GRATUITA e leve de brinde o nosso e-book com 50 ATALHOS INDISPENS\u00c1VEIS PARA EXCEL.<\/h3>\n<figure><a href=\"https:\/\/www.mprinformatica.com.br\" target=\"_blank\" rel=\"noopener\"><img decoding=\"async\" loading=\"lazy\" class=\"alignnone\" title=\"Capa ebook\" src=\"https:\/\/www.mprinformatica.com.br\/blog\/wp-content\/uploads\/elementor\/thumbs\/Capa1-or86968uuhd1wa97thq8aoxg26uryv2xtzn5z5bep8.jpg\" alt=\"Capa ebook\" width=\"250\" height=\"350\" \/><\/a>\n<p>\u00a0<\/p>\n<figcaption><\/figcaption>\n<p><a href=\"https:\/\/www.youtube.com\/mprinformatica\" target=\"_blank\" rel=\"noopener noreferrer\">\u00a0<\/a><\/p>\n<\/figure>\n\n\n<p><\/p>\n","protected":false},"excerpt":{"rendered":"<p>Aprenda Excel de forma completa e aplique seus conhecimentos nas empresas que precisam de um profissional como voc\u00ea Sabemos que com os desafios do mercado cada vez mais presentes, imagine voc\u00ea capacitado para concorrer a uma vaga e garantir o seu emprego. Voc\u00ea vai dominar a cria\u00e7\u00e3o de planilhas, relat\u00f3rios, an\u00e1lises e a organiza\u00e7\u00e3o de &hellip; <a href=\"https:\/\/www.mprinformatica.com.br\/blog\/curso-de-excel-online-aulas-particulares\/\" class=\"more-link\">Continuar lendo <span class=\"screen-reader-text\">Curso de Excel do B\u00e1sico ao Avan\u00e7ado (Aulas Individuais online)<\/span><\/a><\/p>\n","protected":false},"author":1,"featured_media":0,"parent":0,"menu_order":5,"comment_status":"closed","ping_status":"closed","template":"","meta":[],"_links":{"self":[{"href":"https:\/\/www.mprinformatica.com.br\/blog\/wp-json\/wp\/v2\/pages\/714"}],"collection":[{"href":"https:\/\/www.mprinformatica.com.br\/blog\/wp-json\/wp\/v2\/pages"}],"about":[{"href":"https:\/\/www.mprinformatica.com.br\/blog\/wp-json\/wp\/v2\/types\/page"}],"author":[{"embeddable":true,"href":"https:\/\/www.mprinformatica.com.br\/blog\/wp-json\/wp\/v2\/users\/1"}],"replies":[{"embeddable":true,"href":"https:\/\/www.mprinformatica.com.br\/blog\/wp-json\/wp\/v2\/comments?post=714"}],"version-history":[{"count":130,"href":"https:\/\/www.mprinformatica.com.br\/blog\/wp-json\/wp\/v2\/pages\/714\/revisions"}],"predecessor-version":[{"id":1867,"href":"https:\/\/www.mprinformatica.com.br\/blog\/wp-json\/wp\/v2\/pages\/714\/revisions\/1867"}],"wp:attachment":[{"href":"https:\/\/www.mprinformatica.com.br\/blog\/wp-json\/wp\/v2\/media?parent=714"}],"curies":[{"name":"wp","href":"https:\/\/api.w.org\/{rel}","templated":true}]}}